 is the millions digit of 11279793?
1
What is the units digit of 1616471?
1
What is the units digit of 910675?
5
What is the units digit of 12647578?
8
What is the hundred thousands digit of 10776086?
7
What is the thousands digit of 8181?
8
What is the ten millions digit of 27063726?
2
What is the tens digit of 37218?
1
What is the hundred thousands digit of 11137939?
1
What is the hundred thousands digit of 288562?
2
What is the ten millions digit of 12259536?
1
What is the ten thousands digit of 21548767?
4
What is the units digit of 67657?
7
What is the ten thousands digit of 4830606?
3
What is the thousands digit of 849244?
9
What is the hundred thousands digit of 830496?
8
What is the ten thousands digit of 33141849?
4
What is the ten thousands digit of 169987?
6
What is the hundred thousands digit of 15708530?
7
What is the ten thousands digit of 4513946?
1
What is the millions digit of 10768421?
0
What is the units digit of 2560327?
7
What is the thousands digit of 21570541?
0
What is the hundreds digit of 1010243?
2
What is the thousands digit of 7703958?
3
What is the hundred thousands digit of 793179?
7
What is the millions digit of 5533085?
5
What is the hundred thousands digit of 330671?
3
What is the units digit of 380020?
0
What is the ten thousands digit of 709213?
0
What is the ten millions digit of 26285586?
2
What is the tens digit of 279858?
5
What is the ten thousands digit of 820189?
2
What is the units digit of 565051?
1
What is the thousands digit of 4265255?
5
What is the hundreds digit of 2375900?
9
What is the tens digit of 26530747?
4
What is the tens digit of 810741?
4
What is the ten thousands digit of 386794?
8
What is the units digit of 350028?
8
What is the millions digit of 2171160?
2
What is the ten thousands digit of 5500947?
0
What is the hundreds digit of 187939?
9
What is the tens digit of 1980044?
4
What is the hundreds digit of 139406?
4
What is the hundreds digit of 2470612?
6
What is the tens digit of 18097907?
0
What is the hundred thousands digit of 30354271?
3
What is the ten thousands digit of 36935056?
3
What is the ten thousands digit of 3102854?
0
What is the ten thousands digit of 72660?
7
What is the tens digit of 1009918?
1
What is the thousands digit of 9311734?
1
What is the hundreds digit of 10620617?
6
What is the tens digit of 603369?
6
What is the tens digit of 788004?
0
What is the hundreds digit of 683597?
5
What is the units digit of 632256?
6
What is the thousands digit of 1637962?
7
What is the tens digit of 2321391?
9
What is the ten thousands digit of 4428690?
2
What is the units digit of 19334609?
9
What is the thousands digit of 488160?
8
What is the thousands digit of 1491704?
1
What is the hundreds digit of 642638?
6
What is the hundreds digit of 841349?
3
What is the millions digit of 12184976?
2
What is the tens digit of 259969?
6
What is the ten thousands digit of 198071?
9
What is the units digit of 215726?
6
What is the ten thousands digit of 780144?
8
What is the ten thousands digit of 362457?
6
What is the thousands digit of 1436581?
6
What is the units digit of 44615?
5
What is the thousands digit of 460501?
0
What is the ten thousands digit of 47370?
4
What is the units digit of 1123358?
8
What is the units digit of 3037143?
3
What is the hundred thousands digit of 391798?
3
What is the units digit of 20318?
8
What is the tens digit of 12028683?
8
What is the ten thousands digit of 747558?
4
What is the units digit of 674765?
5
What is the units digit of 29110703?
3
What is the tens digit of 1203235?
3
What is the hundreds digit of 70524?
5
What is the ten thousands digit of 671181?
7
What is the millions digit of 2231953?
2
What is the tens digit of 4214230?
3
What is the tens digit of 842404?
0
What is the ten thousands digit of 3225388?
2
What is the hundreds digit of 656994?
9
What is the thousands digit of 1050138?
0
What is the hundreds digit of 865959?
9
What is the tens digit of 335115?
1
What is the ten thousands digit of 177297?
7
What is the ten thousands digit of 4526072?
2
What is the hundred thousands digit of 1170728?
1
What is the hundred thousands digit of 6520891?
5
What is the tens digit of 2933972?
7
What is the tens digit of 4204268?
6
What is the hundreds digit of 586127?
1
What is the hundreds digit of 4636986?
9
What is the units digit of 653136?
6
What is the tens digit of 1486847?
4
What is the hundreds digit of 2292892?
8
What is the thousands digit of 96908?
6
What is the tens digit of 137546?
4
What is the hundred thousands digit of 6729318?
7
What is the units digit of 12135727?
7
What is the hundred thousands digit of 6279708?
2
What is the hundred thousands digit of 1273653?
2
What is the units digit of 130626?
6
What is the ten thousands digit of 15432172?
3
What is the thousands digit of 232117?
2
What is the hundreds digit of 2548092?
0
What is the ten thousands digit of 325097?
2
What is the hundred thousands digit of 266417?
2
What is the ten millions digit of 28696717?
2
What is the thousands digit of 2559694?
9
What is the tens digit of 174474?
7
What is the hundreds digit of 47920?
9
What is the hundred thousands digit of 8827481?
8
What is the millions digit of 25639463?
5
What is the ten thousands digit of 533324?
3
What is the units digit of 9510338?
8
What is the millions digit of 5972535?
5
What is the hundreds digit of 3357158?
1
What is the ten thousands digit of 1185146?
8
What is the units digit of 31907?
7
What is the tens digit of 1700799?
9
What is the thousands digit of 2183469?
3
What is the hundreds digit of 1154290?
2
What is the thousands digit of 2117494?
7
What is the units digit of 564844?
4
What is the tens digit of 428574?
7
What is the ten thousands digit of 594067?
9
What is the units digit of 796798?
8
What is the ten thousands digit of 7435226?
3
What is the ten thousands digit of 317199?
1
What is the hundred thousands digit of 268502?
2
What is the millions digit of 3142785?
3
What is the thousands digit of 153284?
3
What is the tens digit of 1740446?
4
What is the millions digit of 1151457?
1
What is the thousands digit of 18156?
8
What is the tens digit of 308333?
3
What is the hundred thousands digit of 904468?
9
What is the thousands digit of 476738?
6
What is the millions digit of 3786682?
3
What is the ten thousands digit of 88101?
8
What is the hundred thousands digit of 561549?
5
What is the ten millions digit of 30628657?
3
What is the hundreds digit of 913233?
2
What is the tens digit of 23305022?
2
What is the thousands digit of 8392495?
2
What is the units digit of 106169?
9
What is the ten thousands digit of 154068?
5
What is the units digit of 39462?
2
What is the ten thousands digit of 3532595?
3
What is the hundreds digit of 51416?
4
What is the hundreds digit of 69251?
2
What is the ten thousands digit of 873269?
7
What is the units digit of 35310293?
3
What is the ten thousands digit of 147857?
4
What is the units digit of 195950?
0
What is the thousands digit of 280213?
0
What is the hundred thousands digit of 237684?
2
What is the units digit of 17807317?
7
What is the ten thousands digit of 498052?
9
What is the millions digit of 1195537?
1
What is the hundred thousands digit of 355835?
3
What is the millions digit of 4507284?
4
What is the hundred thousands digit of 366688?
3
What is the ten thousands digit of 201626?
0
What is the units digit of 2547899?
9
What is the units digit of 326221?
1
What is the ten thousands digit of 214924?
1
What is the millions digit of 33841593?
3
What is the ten thousands digit of 905035?
0
What is the tens digit of 144360?
6
What is the tens digit of 1290808?
0
What is the units digit of 133157?
7
What is the hundred thousands digit of 314841?
3
What is the hundred thousands digit of 150995?
1
What is the hundred thousands digit of 746927?
7
What is the tens digit of 7141498?
9
What is the units digit of 513707?
7
What is the ten millions digit of 16956246?
1
What is the tens digit of 3032050?
5
What is the units digit of 16195264?
4
What is the thousands digit of 7842303?
2
What is the ten thousands digit of 3713879?
1
What is the ten thousands digit of 38961?
3
What is the millions digit of 2591908?
2
What is the hundred thousands digit 